der when 44 is divided by g.
14
Suppose -o + 4*a = 3*o - 24, -2*a = -5*o + 33. What is the remainder when 14 is divided by o?
0
Suppose -9*q = -4*q - 85. Calculate the remainder when 59 is divided by q.
8
Let x(p) = -3*p + 2. Let d be x(-2). Suppose 3*j = 2*j + d. Calculate the remainder when 29 is divided by j.
5
Suppose -5*m = 3*x - 1, 4*x = 4*m - 23 + 3. What is the remainder when 3 is divided by m?
1
Suppose 3*t = 6*t - 135. What is the remainder when t is divided by (-2)/(-5)*(2 + 38)?
13
Suppose -64 = -3*d - 4*y, -3*d = d + 3*y - 76. What is the remainder when 45 is divided by d?
13
Let o(p) = -17*p - 12. Calculate the remainder when o(-7) is divided by 22.
19
Let o(h) = 14*h - 4. Calculate the remainder when o(3) is divided by 14.
10
Let j = 225 - 182. Let r = 10 + 1. What is the remainder when j is divided by r?
10
Suppose 29 = 208*o - 207*o. What is the remainder when 68 is divided by o?
10
Let q = 1 + 25. Let x(j) = 2*j**2 + 2*j + 1. Let y be x(-4). Suppose 5*u - y = -5*d, d - 13 = u + 2*u. Calculate the remainder when q is divided by d.
5
Let k be 5/20 - (-173)/(-4). Let c(o) = -o**3 - 7*o**2 - o - 1. Let t be c(-6). Let i = t - k. Calculate the remainder when i is divided by 7.
5
Suppose 0 = u + 4*u - 10. Suppose -35 = -3*y - u*y. Calculate the remainder when 20 is divided by y.
6
Let r(u) = 35*u + 4. Calculate the remainder when r(2) is divided by 10/4*2*5.
24
What is the remainder when 2/8 + (2236/16)/13 is divided by 6?
5
Suppose -5*b + 192 = -3*n, -5*b = n + 2*n - 198. Calculate the remainder when 153 is divided by b.
36
Let q(j) = -j + 9. Calculate the remainder when 95 is divided by q(-7).
15
Suppose d - 2*d = -5. Suppose 65 = 3*b + 5*c, d*c - 90 - 25 = -5*b. Calculate the remainder when b is divided by 9.
7
Suppose -20*w + 17*w = -120. What is the remainder when w is divided by 7?
5
Let g(d) = d**3 + 11*d**2 - 2*d - 13. What is the remainder when 52 is divided by g(-11)?
7
Let q(h) = -h**3 + 9*h**2 - 5*h + 2. Let g be q(8). Let x = g + 6. What is the remainder when x is divided by 17?
15
Suppose 5*a + 2*k - 115 = 0, 3*a + 2*k - 75 = -10. What is the remainder when 95 is divided by a?
20
Let m(d) = 3*d**3 - 2*d**2 - d - 1. What is the remainder when m(2) is divided by 8?
5
Suppose -j + 3*m - 3 = 0, 3*m - 4*m = 3*j - 1. Let k = j + 2. Suppose -p - 4 = -k*p. What is the remainder when 14 is divided by p?
2
Suppose 0 = 2*j + x + 14, j + 2*x = -0 - 1. Let v = 18 + j. Let f(u) = -2*u**3 - u**2 + 5*u + 3. Calculate the remainder when f(-3) is divided by v.
6
Suppose 0*q = 2*q. Let s be -1 + 3 - (q + -2). Suppose 9 + 15 = s*t + 4*d, 2*t = 5*d - 16. Calculate the remainder when 4 is divided by t.
0
What is the remainder when (108/8 + 1)*2 is divided by 11?
7
Suppose y - 4 = -4*i + 2, 3*y - 73 = -i. What is the remainder when y is divided by 14?
12
Suppose 0*w = 5*w. Calculate the remainder when 12 is divided by 0 + -3 + w - -10.
5
Let g = -78 - -108. Calculate the remainder when 149 is divided by g.
29
Suppose -x = -0 + 1. Let o = x - -3. Calculate the remainder when 3 is divided by o.
1
Suppose 2*t + 12 - 34 = 0. Let h be (-3)/((18/80)/3). Calculate the remainder when h/(-3)*(-6)/(-4) is divided by t.
9
Let f(q) = 2*q**2 + 8. Let a be f(-13). Calculate the remainder when (-6)/27 + a/18 is divided by 10.
9
What is the remainder when (-27)/36 - 95/(-4) is divided by 8?
7
Let q = 31 + -6. What is the remainder when 122 is divided by q?
22
Let k = 6 + -2. Suppose -2*m + 153 = 7*m. Calculate the remainder when m is divided by k.
1
Suppose -34 - 11 = -3*k. Let w = -2 + k. Calculate the remainder when 25 is divided by w.
12
Let o(r) = -2*r - 9. Let z = -8 - -14. What is the remainder when z is divided by o(-6)?
0
Calculate the remainder when 0 - (1 - 23*1) is divided by 50/(11 - 6) - 2*-1.
10
Let f = 9 - -18. What is the remainder when f is divided by 7?
6
Let t = -97 + 183. Calculate the remainder when t is divided by 29.
28
Let n(d) = -d**3 - 2*d**2 + d. Let x be n(-3). Suppose -3*q = -6*q + x. Suppose q*k = -12 + 74. What is the remainder when k is divided by 11?
9
Suppose 3*i + 0*i - 99 = 0. What is the remainder when i is divided by (16 - 2 - -1) + -3?
9
Suppose 13*s - 1 - 90 = 0. Let y(j) = 25*j**2 + 2*j - 1. What is the remainder when y(1) is divided by s?
5
Let q = -8 - -18. Calculate the remainder when 38 is divided by q.
8
Let n be ((-16)/(-12))/(2/6). Suppose -n*k = -3*l + 6*l - 164, 22 = k - 4*l. What is the remainder when k is divided by 13?
12
Suppose 2*q = 4*q - 30. Calculate the remainder when (-3)/(1 + (-15)/14) is divided by q.
12
Suppose 5*l + 41 = 5*t + 2*l, -l + 33 = 3*t. Suppose 112 = 3*c + 7*o - 5*o, 0 = 4*c - 5*o - 157. What is the remainder when c is divided by t?
8
Suppose 4*o - 5*o = -4*z - 13, 5*o - 81 = 4*z. Let y(x) = 2*x + 2. Let n be y(-5). Let a(c) = c + 14. What is the remainder when o is divided by a(n)?
5
Let h(p) be the first derivative of -p**2/2 + 5*p + 4. What is the remainder when 8 is divided by h(0)?
3
Let u(q) = q**2 + 3*q - 1. Let w be -3*(-2)/(-1) + 1. Let t be u(w). Suppose -3*n + a = -0*n - t, -4*a = -n - 8. What is the remainder when 10 is divided by n?
2
Let k = 40 + -5. Calculate the remainder when k is divided by 6.
5
What is the remainder when 74 + -1 - (7 + -9) is divided by 26?
23
Suppose 2*i + 6*p = 2*p + 22, 3*p = 3*i - 51. Calculate the remainder when 20 is divided by i.
5
Let x(g) = 2*g**2 + g + 4. Calculate the remainder when x(-5) is divided by 25.
24
Suppose 4*y + 3*r - 223 = -0*y, 0 = 3*r + 9. What is the remainder when y is divided by 15?
13
Suppose 4*p - 2*u + 3*u = 119, u = 3*p - 84. Let t = 50 - p. Calculate the remainder when t is divided by 11.
10
Suppose 2*p = -2*t + 64, 2*p - 175 = -5*t - 0*p. Let m(d) = d**2 + 7*d + 6. Let j be m(-6). Calculate the remainder when t is divided by (21 - (2 + 0)) + j.
18
Let i(h) = -h**3 + 8*h**2 + 14*h - 35. Calculate the remainder when 31 is divided by i(9).
1
Let i(o) = o + 5*o**2 + 3 - 4*o**2 - 7. Calculate the remainder when i(5) is divided by 14.
12
Suppose -s + 20 = 3*s. Calculate the remainder when 7 is divided by s.
2
Suppose -3*c + 13 = -29. Calculate the remainder when c is divided by 5.
4
Let c(o) = 18*o + 1. Let f(g) = -g**2 + 5*g - 1. Let v be f(3). Suppose v*z - 4 = 1. Calculate the remainder when 56 is divided by c(z).
18
Let h(q) = 5*q + q**3 + 2*q - 4 + 12*q**2 - 4*q**2. Let g be h(-6). Let t = g - 16. What is the remainder when 29 is divided by t?
9
Let s be ((-40)/12)/(4/(-6)). Suppose 0 = -s*x - u + 8 + 16, -20 = -3*x - 2*u. Calculate the remainder when 6 is divided by x.
2
Let z(f) = f**3 + f**2 + 53. Let p = 2 - -1. What is the remainder when z(0) is divided by p*(-2 - (-40)/6)?
11
Let z(o) = o - 11. What is the remainder when 1 is divided by z(12)?
0
Let r be ((-6)/21)/(2/(-28)). Suppose 3*n + 6*l = r*l + 25, 4*n = -l + 35. What is the remainder when 43 is divided by n?
7
Suppose -2*d + 4 = -5*p + 2*p, -3*d - p = -6. Suppose 0 = -3*y - 5*y + 48. What is the remainder when y is divided by d?
0
Let h(u) = -3 + 2 + 7 - 4 + 15*u. Calculate the remainder when 62 is divided by h(2).
30
Suppose -5*w + 130 = 4*c - 2*c, 195 = 3*c - 2*w. Calculate the remainder when c is divided by 22.
21
Let g = -3 + 6. Suppose -2*n = 5*l - 43, -n + 22 = 2*l + n. Calculate the remainder when l is divided by g.
1
Let y(t) = t**3 + 5*t**2 + 4*t + 3. What is the remainder when (((-280)/(-6))/4)/((-1)/(-3)) is divided by y(-3)?
8
Let o = -21 + 23. Calculate the remainder when 27 is divided by (2 - -1 - o)*5.
2
Suppose 4*s + 2*q + 106 = 0, -3*s + 3*q - 84 = -0*s. Let l = s - -39. What is the remainder when 22 is divided by l?
10
Suppose 0 = 3*u - 33 - 9. Calculate the remainder when u is divided by 4.
2
Let v = 3 - -3. What is the remainder when v is divided by 3?
0
Suppose -12 = -10*q + 6*q. Calculate the remainder when 17 is divided by q.
2
Let p = 54 + -26. Suppose -b = -4*j + 26 + p, -22 = -2*j + 3*b. Calculate the remainder when j is divided by 8.
6
Suppose 0 = 2*k - 12 + 56. Let a = 69 + k. Calculate the remainder when a is divided by 16.
15
Suppose 10*z - 15*z + 25 = 0. Suppose z*b = b + 40. Calculate the remainder when 18 is divided by b.
8
Suppose -65 = -10*u + 9*u. What is the remainder when u is divided by 34?
31
Let w(i) = i**3 